/6 - 2*f**2. Let l = 16 - 15. Let x be 1*(-1 + l + (-4)/(-4)). Determine b(x).
-8
Let n(o) = -o - 11. Let d(y) = 7*y**2 - 48*y - 10. Suppose -4*a + x + 3 = 6*x, 2*a - x = 19. Let p be d(a). Let j be -2 + (34 - 4)/p. What is n(j)?
1
Let h(m) = -m**3 + m - 4. Suppose -3*b + 9 = -2*a, -39 = 13*a - 8*a - 2*b. Let p be (0/1 - -61) + (-9 - a). Let f = -61 + p. Determine h(f).
-4
Let w(m) = 31*m - 98*m + 0 + 45*m + 43*m + 3. Let y(i) = -19*i - 4. Let a(j) = -3*w(j) - 2*y(j). Determine a(-1).
24
Let b = 524 - -1064. Let f(k) = -1585*k**2 - 5*k + 16*k - k**3 - 1 - 5 + b*k**2. Determine f(5).
-1
Let d be 44/(-12) - ((-2728)/(-66))/31. Let r(g) = 7 + 9 + g - 6. Determine r(d).
5
Suppose 6*s + 468 = -1056. Let k = -249 - s. Let t(u) = u**2 - 10*u + 5. Give t(k).
-20
Let h(u) = 5*u + 7. Let b(c) = -4*c - 7. Let q(v) = 4*v**2 + v + 3. Let r be q(-2). Let s = r + -20. Let f(g) = s*h(g) - 4*b(g). Determine f(-8).
-1
Suppose -3*l = -u - l - 20, 0 = u - l + 18. Let d(b) = -5 - b - 42*b**3 + 43*b**3 - 898*b**2 + 914*b**2 - 15. Give d(u).
-4
Let l(b) = b**2 - 2*b - 3. Suppose 13*t + 212 = -40*t. Calculate l(t).
21
Let o(s) = -2*s**2 - 13 + s**2 + 0*s**2 - 13*s + 10*s + 12*s. Suppose 0*j = -5*j + 35. What is o(j)?
1
Let q(x) = -11 - 15*x + 65*x - 15*x - 17*x - 10*x. Calculate q(-19).
-163
Let m(w) = 4*w**3 - 9*w**2 - 96*w - 9. Let f(p) = -p**3 + p**2 + 34*p. Let u(k) = 3*f(k) + m(k). Determine u(5).
-4
Let j = 151 + -149. Let r(g) = 2*g + 4*g**3 - 5 + 159*g**j - 154*g**2 - 5*g**3. Calculate r(5).
5
Let j(k) = 88 + 1001*k - 1002*k - 82. Let n be (0 + 1)*(-8 - -1). Calculate j(n).
13
Let v(y) = y**3 - 16*y**2 + 15*y + 8. Suppose -53 = -z - 51. Suppose -z*d = 9 - 39. Calculate v(d).
8
Let q(b) be the third derivative of 0*b - 2/3*b**4 + 1/6*b**3 - b**2 - 15. Let n(d) = d**2 - 9*d + 1. Let r be n(9). What is q(r)?
-15
Let z(k) = -16*k - 1. Suppose -4*n - 4*n + 136 = 0. Suppose 28 = -31*s + n*s. Give z(s).
31
Let w(r) = r**3 - r**2 + r - 4. Let o(x) = -5*x**3 + 7. Let m(b) = o(b) + 3*w(b). Calculate m(3).
-77
Suppose 197*h - 75 + 75 = 0. Let a(k) be the second derivative of 5/2*k**2 + h + 24*k - 1/12*k**4 - 3/2*k**3. Calculate a(-8).
13
Let c(d) be the first derivative of 8*d**3/3 + 8*d**2 - 14*d - 6536. Determine c(1).
10
Let w = 217 + -211. Let b(r) = 5*r + 4. Let f(h) = -4*h - 3. Let u(d) = w*f(d) + 5*b(d). Let j = -1 - 0. Calculate u(j).
1
Let j(q) = -13*q**2 - 9*q + 30. Let b(a) = -16*a**2 - 8*a + 34. Let l(g) = -4*b(g) + 5*j(g). Determine l(-17).
-54
Let m(w) = -w**2 + 5*w - 3. Let x = 8140 + -8131. Determine m(x).
-39
Let o(v) = -v**2 + 4*v + 22. Let p(b) = -b**2 - 40*b - 169. Let j be p(-35). What is o(j)?
10
Suppose 613*k - 2379 - 73 = 0. Let z(d) = 3*d**3 - 4*d**2 + 4*d - 7. What is z(k)?
137
Let u(b) be the second derivative of -7*b**3/6 + 109*b**2 + 29*b + 32. What is u(32)?
-6
Let k = 3035 - 1646. Let v(o) = k*o**2 + 3*o + 2 - 1390*o**2 - 4. Let w = -3 + 5. Calculate v(w).
0
Let f(y) = 5*y - 22. Let z be f(5). Suppose 2*a = -2*o, -5*a = z*o + 1 + 5. Let k(d) = -13*d**o - d**2 - d**2 - 2*d**3 + d. Determine k(1).
-16
Let f(s) = -2418 - 3*s + 2413 - s**2 - 4*s. Suppose 6*u + 76 - 46 = 0. Give f(u).
5
Suppose -3*b + 22 = -j, 1159*b = 1157*b + 2*j + 20. Let t(r) = 8*r - 18. What is t(b)?
30
Suppose 4*c - 284 = -292. Let m(z) be the third derivative of -z**4/12 - z**3/3 - 9*z**2. Calculate m(c).
2
Let l(b) be the first derivative of b**3/3 - 11*b**2/2 + 50*b + 2770. Determine l(5).
20
Let a(u) = 3*u + 4. Suppose -37 = 4*x - 109. Let r(o) = -o**2 + 16*o + 32. Let s be r(x). What is a(s)?
-8
Suppose -112 = 2*w + 4*h - 84, -5*h + 17 = -4*w. Let l(p) = -p**3 - 9*p**2 - 11*p + 1. Give l(w).
25
Let c(h) = 3*h - 50. Let v(u) = 5*u - 75. Let g(z) = 8*c(z) - 5*v(z). Let y(a) = -a - 18. Let r(w) = -5*g(w) + 7*y(w). Calculate r(-4).
7
Let d = 220 - 204. Let g be (-12)/d + 3/(-8)*-2. Let y(j) = -j**3 + j - 3. Give y(g).
-3
Let c(w) = 9*w - 310. Let g(x) = -254*x - 728. Let h be g(-3). Give c(h).
-4
Let u(s) be the third derivative of s**6/120 + s**5/10 + s**4/12 + 2*s**2. Suppose 0*z - 84 = -4*o - 3*z, 2*o = -5*z + 28. Suppose o = -11*d - 31. Give u(d).
15
Let a(w) = -4*w**2 + 4*w - 3. Suppose -8*q = -3*q - 25. Suppose 1 = 3*v - q. Suppose -4*r + 0*n + v = -3*n, 3*r - 4*n + 2 = 0. Calculate a(r).
-11
Let p(t) = -16*t - 9. Let u(y) = -2*y. Let i(a) = p(a) + 5*u(a). Let x(z) = 14*z + 5. Let v(w) = -6*i(w) - 11*x(w). Give v(-1).
-3
Let j(r) = r**3 + 11*r**2 + 15*r + 35. Let l(a) = -18*a**2 + 307*a - 27. Let f be l(17). What is j(f)?
-15
Let y(n) = 55*n**2 + 4*n - 1. Let p(r) = 119*r**2 + 8*r - 3. Let i(v) = 6*p(v) - 13*y(v). Determine i(4).
-37
Let n(h) = h**2 - 14*h + 19. Suppose 9*f - 30 - 6 = 0. Suppose f*d - 4*l - 77 = -9*l, 4*d + 4*l = 72. What is n(d)?
6
Let d(r) be the first derivative of -16*r**2 + 2*r - 2471. Calculate d(1).
-30
Let h = -214 + 207. Let v(j) be the second derivative of -j**5/20 - 2*j**4/3 - j**3 - 3*j**2/2 + 56*j. Give v(h).
-10
Let m(o) = o - 5. Let s be (-189)/(-11)*1 - 2/11. Suppose 3*l + s*i = 18*i + 11, -l = -i - 5. Give m(l).
-2
Let a(k) = k**3 - 11*k**2 - 2*k - 13. Suppose -24*r + 77 = 2*r - 235. What is a(r)?
107
Let f(g) be the first derivative of g**2 + g - 1. Suppose 5*p + 70 = -895. Let j = 188 + p. Give f(j).
-9
Suppose 3*i + 26*o + 21 = 25*o, 0 = 2*i - 4*o. Let a(b) = -b**2 - 14*b - 6. Let q(f) = f. Let n(x) = a(x) + 5*q(x). Determine n(i).
12
Let j(v) = 3 - 27*v**2 - 31*v**2 + 59*v**2 + 18*v. Let g be j(-18). Let o(z) = 7*z + 7*z**2 + 6*z**3 - 2*z**3 + 4 - z**g - 2*z**3. Determine o(-6).
-2
Let x(v) = v**3 + 6*v**2 - 124 - 8*v**3 - v + 115. Suppose -z = -3*z + 6, 21 = -r + 5*z. Let m(k) = k**3 + k. Let l(g) = r*m(g) - x(g). Determine l(6).
-21
Suppose 39*h + 117 = -468. Let x(v) = 29*v + 431. Calculate x(h).
-4
Let z(v) be the first derivative of -v**5/20 + v**4/4 + v**3/6 - 3*v**2/2 + 66*v - 39. Let p(b) be the first derivative of z(b). Determine p(4).
-15
Let f(i) = 4*i**2 - 7*i - 13. Let x be f(3). Let k(w) = w**3 - w**2 - 2*w + 5. Let p be k(x). Let r(a) = -3*a - 7. Determine r(p).
-22
Let f(v) = 2*v + 6. Let r be (-3)/(-9) + 42*(-7)/(-63). Suppose -7*y = -4*y, 3*y - 30 = -r*b. Determine f(b).
18
Let c be (4/2)/(-2)*3. Let q(d) = -38 + 2 + 6 + 18 - 3*d + 5. Calculate q(c).
2
Suppose 98 = -38*b - 92. Let v(x) = x**2 - 18*x + 2. Let a be v(18). Let r(g) = g + a + 2 - 2*g. Give r(b).
9
Suppose -3*i + 25 = 15*a - 17*a, -3*i = -5*a - 31. Let y(f) = -f - 8. Calculate y(i).
-15
Let c = 8 + -8. Let t be (-42)/(-28)*(-4)/(-3)*1. Let y(q) = 1 - q + 0*q**t + 5 + 0 - q**2. What is y(c)?
6
Let o(j) = j**3 + 6*j**2 + 6*j + 6. Let k be (-54 - 1) + 7 + -2. Let w = k - -54. Suppose 4*u = 8*u + 4, -2*u = w*n + 22. Calculate o(n).
1
Let j(m) = -706 + m + 260 + 445. Let v = 8 + -25. Let i = v - -24. Determine j(i).
6
Let t(j) = -j**2 - 12*j + 7. Let f = -3260 + 3248. What is t(f)?
7
Let r(p) = 7 - 5*p - 9 + 1 - 1 + 0. Suppose 3*u = 3 - 0, 0 = -3*q + 3*u + 3. Determine r(q).
-12
Let t(s) = -4*s - 8 - 5 + 4 + 14. Let f(b) = 57*b + 281. Let i be f(-5). Calculate t(i).
21
Let a(x) = 704*x + 639*x - 1344*x + x**2. Calculate a(-1).
2
Let y be (6/9)/(5 + (-17)/3). Let i(h) = 21*h**3 + 2*h**2 + 7*h + 5. Let q(n) = -11*n**3 - n**2 - 4*n - 3. Let t(r) = 3*i(r) + 5*q(r). Calculate t(y).
-8
Let j be ((-12)/(-5))/((-3)/(-10)). Suppose 353*z = 345*z. Let i(u) = 0 + 5 - 4*u - 3*u + u**2 - 1 + z. Give i(j).
12
Let d(t) = 14*t**3 - 64*t**2 - 50*t + 44. Let c(p) = 5*p**3 - 22*p**2 - 17*p + 14. Let u(b) = 11*c(b) - 4*d(b). Determine u(15).
-52
Let a(q) = 5*q + 4. Let r = -94 - -100. Suppose -r*h - 3 - 15 = 0. Calculate a(h).
-11
Let b(z) = -z**3 - 5*z**2 + 1. Let w = -5341 + 5336. Calculate b(w).
1
Let m(o) = o**2 + 6*o + 54. Let r(s) = 3*s**2 + 19*s + 224. Let i(c) = -7*m(c) + 2*r(c). What is i(-10)?
10
Let b be ((-9)/(-4))/((-84)/(-224)). Let q(h) = 8 - 4 + b - 4 - h. What is q(8)?
-2
Let g = -9503 - -9498. Let q(t) = 3*t**2 + 14*t + 10. Give q(g).
15
Let j(s) = -6*s**3 - 2*s + 4*s - 1 - s. Let b(l) = 4*l - 25. Let y be b(7). Let u be 2/1 - y - -2. Give j(u).
-6
Suppose 0 = -k + h + 37, -3*h + 8*h = 2*h. Let v(q) = -8*q + 290. What is v(k)?
-6
Let z(x) be the third derivative of -7/6*x**3 + 0 + 0*x - 91*x**2 + 1/6*x**4. Give z(5).
13
Let i(x) = -x**3 + 3*x**2 + 5*